of 4625575?
5
What is the hundred thousands digit of 7712892?
7
What is the units digit of 154834?
4
What is the tens digit of 558075?
7
What is the ten thousands digit of 4434787?
3
What is the thousands digit of 133484?
3
What is the ten thousands digit of 9556101?
5
What is the thousands digit of 33986?
3
What is the thousands digit of 291617?
1
What is the millions digit of 2983712?
2
What is the tens digit of 23325695?
9
What is the hundred thousands digit of 10565564?
5
What is the tens digit of 183635?
3
What is the hundred thousands digit of 33996575?
9
What is the ten thousands digit of 1228612?
2
What is the tens digit of 18688907?
0
What is the units digit of 904490?
0
What is the hundred thousands digit of 282966?
2
What is the ten millions digit of 21373493?
2
What is the hundred thousands digit of 2249349?
2
What is the units digit of 2748602?
2
What is the tens digit of 1693608?
0
What is the ten millions digit of 17983358?
1
What is the ten thousands digit of 1415532?
1
What is the hundred thousands digit of 2022214?
0
What is the hundred thousands digit of 7813491?
8
What is the tens digit of 45121?
2
What is the ten thousands digit of 5843993?
4
What is the thousands digit of 76721?
6
What is the ten thousands digit of 30810661?
1
What is the ten thousands digit of 12145?
1
What is the hundred thousands digit of 7168047?
1
What is the hundred thousands digit of 36382901?
3
What is the hundred thousands digit of 6105273?
1
What is the tens digit of 197129?
2
What is the hundreds digit of 65666?
6
What is the hundreds digit of 911675?
6
What is the units digit of 73296?
6
What is the hundreds digit of 306313?
3
What is the ten thousands digit of 1595009?
9
What is the tens digit of 331003?
0
What is the units digit of 1555069?
9
What is the units digit of 11146121?
1
What is the tens digit of 89770?
7
What is the hundreds digit of 213233?
2
What is the tens digit of 183042?
4
What is the ten thousands digit of 2196665?
9
What is the hundred thousands digit of 370515?
3
What is the ten thousands digit of 44697?
4
What is the hundreds digit of 14161654?
6
What is the tens digit of 4343650?
5
What is the thousands digit of 1475069?
5
What is the hundred thousands digit of 270159?
2
What is the hundreds digit of 3078266?
2
What is the hundred thousands digit of 690685?
6
What is the units digit of 2364?
4
What is the ten thousands digit of 213898?
1
What is the thousands digit of 975110?
5
What is the ten thousands digit of 2620586?
2
What is the millions digit of 5445929?
5
What is the ten thousands digit of 4148953?
4
What is the units digit of 39335?
5
What is the units digit of 48905?
5
What is the thousands digit of 1430606?
0
What is the units digit of 93273?
3
What is the tens digit of 303923?
2
What is the hundred thousands digit of 8402138?
4
What is the hundred thousands digit of 1534177?
5
What is the millions digit of 8163886?
8
What is the millions digit of 12999738?
2
What is the units digit of 204969?
9
What is the hundreds digit of 2049791?
7
What is the ten thousands digit of 125612?
2
What is the tens digit of 516342?
4
What is the ten thousands digit of 303281?
0
What is the units digit of 1190639?
9
What is the hundred thousands digit of 694121?
6
What is the units digit of 37386507?
7
What is the hundreds digit of 762948?
9
What is the hundreds digit of 7630342?
3
What is the thousands digit of 1381148?
1
What is the hundred thousands digit of 12029246?
0
What is the units digit of 1027432?
2
What is the ten thousands digit of 1052445?
5
What is the ten millions digit of 18939677?
1
What is the tens digit of 20786?
8
What is the ten thousands digit of 88756?
8
What is the hundred thousands digit of 2138203?
1
What is the thousands digit of 503151?
3
What is the hundred thousands digit of 2594613?
5
What is the ten thousands digit of 1878421?
7
What is the tens digit of 238343?
4
What is the tens digit of 329371?
7
What is the hundreds digit of 12812017?
0
What is the thousands digit of 444875?
4
What is the hundreds digit of 508998?
9
What is the hundreds digit of 769851?
8
What is the ten thousands digit of 166840?
6
What is the hundreds digit of 9798205?
2
What is the hundred thousands digit of 1813101?
8
What is the units digit of 64219?
9
What is the hundred thousands digit of 716732?
7
What is the tens digit of 8380888?
8
What is the tens digit of 5982?
8
What is the thousands digit of 237713?
7
What is the ten thousands digit of 110644?
1
What is the hundred thousands digit of 10616968?
6
What is the units digit of 5990466?
6
What is the ten thousands digit of 213019?
1
What is the tens digit of 444976?
7
What is the hundreds digit of 11795197?
1
What is the units digit of 25311417?
7
What is the hundred thousands digit of 675795?
6
What is the tens digit of 2145237?
3
What is the units digit of 1590194?
4
What is the units digit of 57748?
8
What is the hundreds digit of 388587?
5
What is the tens digit of 7986850?
5
What is the tens digit of 51659?
5
What is the millions digit of 1733200?
1
What is the hundred thousands digit of 16996895?
9
What is the units digit of 1483030?
0
What is the hundreds digit of 51472?
4
What is the thousands digit of 401757?
1
What is the hundred thousands digit of 1222918?
2
What is the hundred thousands digit of 1578001?
5
What is the tens digit of 3588795?
9
What is the hundred thousands digit of 14943389?
9
What is the units digit of 782587?
7
What is the units digit of 935205?
5
What is the hundreds digit of 6852?
8
What is the ten thousands digit of 44360?
4
What is the units digit of 647467?
7
What is the hundred thousands digit of 30086691?
0
What is the units digit of 2736179?
9
What is the units digit of 43223264?
4
What is the thousands digit of 1590807?
0
What is the units digit of 22550012?
2
What is the ten thousands digit of 695037?
9
What is the thousands digit of 60350?
0
What is the hundreds digit of 1158123?
1
What is the hundreds digit of 9232861?
8
What is the hundreds digit of 570529?
5
What is the thousands digit of 705487?
5
What is the ten thousands digit of 3191285?
9
What is the hundreds digit of 6737619?
6
What is the hundred thousands digit of 924314?
9
What is the hundred thousands digit of 168297?
1
What is the ten thousands digit of 3567879?
6
What is the tens digit of 125521?
2
What is the units digit of 794830?
0
What is the ten millions digit of 19923077?
1
What is the millions digit of 3807899?
3
What is the units digit of 938821?
1
What is the thousands digit of 4939009?
9
What is the thousands digit of 205795?
5
What is the tens digit of 316676?
7
What is the hundreds digit of 22775?
7
What is the tens digit of 7365164?
6
What is the thousands digit of 675700?
5
What is the hundreds digit of 745097?
0
What is the thousands digit of 39683?
9
What is the tens digit of 22782332?
3
What is the hundreds digit of 1195825?
8
What is the tens digit of 166706?
0
What is the ten millions digit of 17887142?
1
What is the tens digit of 203855?
5
What is the hundred thousands digit of 283989?
2
What is the thousands digit of 257891?
7
What is the tens digit of 2714704?
0
What is the hundreds digit of 8161385?
3
What is the millions digit of 5570872?
5
What is the hundred thousands digit of 233496?
2
What is the tens digit of 6705371?
7
What is the units digit of 2992798?
8
What is the units digit of 200767?
7
What is the hundred thousands digit of 424576?
4
What is the thousands digit of 305771?
5
What is the millions digit of 7643535?
7
What is the units digit of 1404253?
3
What is the units digit of 129595?
5
What is the thousands digit of 8110673?
0
What is the units digit of 3720874?
4
What is the ten thousands digit of 126061?
2
What is the thousands digit of 496813?
6
What is the hundreds digit of 3586417?
4
What is the hundred thousands digit of 1926799?
9
What is the hundreds digit of 136659?
6
What is the hundreds digit of 124972?
9
What is the units digit of 98126?
6
What is the hundred thousands digit of 202617?
2
What is the thousands digit of 428049?
8
What is the tens digit of 7009045?
4
What is the units digit of 304662?
2
What is the units digit of 1003799?
9
What is the ten thousands digit of 242200?
4
What is the units digit of